 = 0. Calculate the remainder when 34 is divided by y.
8
Let b = -3 + 5. Suppose -2 = -b*c + 2. Calculate the remainder when 2/((-4)/6)*-1 is divided by c.
1
Suppose 0 = -3*b + v - 91, 3*v = -b - 0*v - 27. Suppose 3*j + u + 3*u - 107 = 0, -3*j = -u - 82. What is the remainder when j is divided by (-12)/b - (-96)/10?
9
Let h(w) = -2*w**3 - 2*w + 1. Let n(x) = -x - 3. Let s be n(-4). Let b be h(s). What is the remainder when 12 is divided by (-2)/b*(-63)/(-6)?
5
What is the remainder when (-12)/((0 - 2) + 0) is divided by 4?
2
Suppose -5*n = -5*w - 1905, n - 68 = -2*w + 310. Let q = n + -165. Suppose -212 = -5*v - j, -15 = 5*v + 5*j - q. What is the remainder when v is divided by 22?
21
Let r(b) = -11*b**3 - b**2 - 2*b - 1. Calculate the remainder when 42 is divided by r(-1).
9
Suppose 0 = 2*n - 50. Calculate the remainder when 99 is divided by n.
24
Suppose -2*n - 12 = 3*c, 3 = -n + 3*c + 15. Let z be ((-6)/5)/(12/(-30)). Let p = z + n. What is the remainder when 5 is divided by p?
2
Let t(r) = r**2 - 7*r + 7. Let o be 1/2*0/(-3). Suppose -b + s = -4, 1 = -2*b - s - o*s. Calculate the remainder when b is divided by t(6).
0
Suppose -61 = -g + 10. What is the remainder when g is divided by 24?
23
Let l = 16 + -27. Let x = l - -5. Let k(t) = t**3 + 5*t**2 - 9*t - 5. Calculate the remainder when 38 is divided by k(x).
12
Let w(x) = 12*x + 7. Let j be w(-10). Let y = -80 - j. Let p(b) = 2*b**3 - 3*b**2 - 4*b + 3. Calculate the remainder when y is divided by p(3).
15
Let u be (2/(-3))/((-1)/6). Suppose -3*x + 26 = 4*a, 6*a = -u*x + 2*a + 40. Let q = x - -21. What is the remainder when q is divided by 12?
11
Let q(a) = 19*a**2 - 2. Calculate the remainder when q(-2) is divided by 19.
17
Suppose -t + 30 = m + m, t = -m + 28. Let x = t - 13. Calculate the remainder when 49 is divided by x.
10
Let f(c) = -c**3 - 6*c**2 + 7*c. Let v be f(-7). Suppose m - 4*j - 46 = v, -2*m - 2*j + 148 = 2*m. What is the remainder when m is divided by (1*-1)/(2/(-26))?
12
Suppose 5*y = 4*l - 151, 3*y = 2*l + 3*l - 205. Calculate the remainder when l is divided by 24.
20
Let i(p) = p**2 + 5*p - 5*p - 4. What is the remainder when i(-6) is divided by 17?
15
Let o = 24 - 10. Let c(r) = 2*r + 17. What is the remainder when c(12) is divided by o?
13
Let u = -10 - -21. Calculate the remainder when 42 is divided by u.
9
Suppose -4 + 14 = 5*y. Suppose -2*m = 2*m - 56. Suppose -w + m = 3*w - 2*s, 2*w - 4*s = -y. What is the remainder when w is divided by 3?
2
Let s(r) = -3*r + 2. What is the remainder when 54 is divided by s(-9)?
25
Let r = -26 - -45. Calculate the remainder when 35 is divided by r.
16
Let w(r) = 7*r - 9. Calculate the remainder when w(2) is divided by -1 - 3*(-1 + 0).
1
Let b(f) = 3*f + 2. Let r be b(2). Suppose 5*z = 4*z + r. What is the remainder when 29 is divided by z?
5
Suppose -5*m - 6 = -2*m. What is the remainder when 17 is divided by 15/m*(-12)/15?
5
Suppose -5*m + 13 = 5*w - 52, 5*w - 14 = -2*m. Suppose -2*q - 101 = -3*r, 4*r - 3*r - 4*q - m = 0. What is the remainder when r is divided by 13?
11
Let w = 18 + -13. Suppose -5*s = -0*t + 3*t, 2*t = -w*s. Calculate the remainder when 5 is divided by (-3)/((-2)/(2 + t)).
2
Suppose -7*k + 63 = -0*k. Calculate the remainder when 41 is divided by k.
5
Let v(c) = -9*c - 7. Calculate the remainder when v(-3) is divided by 11.
9
Suppose 0 = -5*o - 14 - 66. Let p be 6/(-15)*(o + 1). What is the remainder when 244/p*21/14 is divided by 16?
13
Let z be -3*2/(-12)*-4. Let l be ((-1)/2)/(z/(-16)). Calculate the remainder when (-3)/12 - 189/l is divided by 16.
15
What is the remainder when (-2)/5 - (-112)/5 is divided by (7 - 5)/1*4?
6
Suppose -46 = -m + 1. Suppose 7 + 25 = -2*v. What is the remainder when m is divided by 2/(-6)*0 - v?
15
What is the remainder when 413 is divided by -2 + 5 + 25 - (2 + -6)?
29
Let p = 9 - 3. Calculate the remainder when p is divided by 12/7 - (-22)/77.
0
Suppose -25 = -2*f - 7. Calculate the remainder when 15 is divided by f.
6
Suppose 5*n = -4*q + 296, 4*q + 198 + 66 = 5*n. Suppose -b + 2*u - 17 + n = 0, 2*b = 3*u + 76. Calculate the remainder when b is divided by 9.
8
Let a = -14 - -20. Suppose a*r = 2*r + 116. Calculate the remainder when 113 is divided by r.
26
What is the remainder when 78 is divided by (-2 - -43) + (3 - 0 - 3)?
37
Calculate the remainder when 13 + -3 - 4*-1 is divided by 4.
2
Suppose 4*z + 5*v - 352 = 0, -157 = -3*z - 3*v + 110. What is the remainder when z is divided by 24?
21
Let l = 237 + -231. Calculate the remainder when -2*(-1)/1*5 is divided by l.
4
Let f = -22 + 32. What is the remainder when 1/(-2*3/(-114)) is divided by f?
9
Let z = 2 - -2. Calculate the remainder when -26*(z - 25/5) is divided by (-65)/(-7) + (-2)/7.
8
Let y(j) = -41*j + 26. Let s(d) = 8*d - 5. Let n(h) = -11*s(h) - 2*y(h). Calculate the remainder when n(-3) is divided by 11.
10
Suppose -26 = -3*f + 25. Let m(k) = 3*k - 4*k + 2*k - 1 + 4. What is the remainder when f is divided by m(7)?
7
Let y = 32 - 21. What is the remainder when 41 is divided by y?
8
Calculate the remainder when 73 is divided by ((-18)/(3 - 4))/((-2)/(-3)).
19
Suppose -38 = 2*w - 4*w. Suppose 4*c - 33 = w. Suppose 3*t + 10 = 5*n, -3*n - 3*t = -2*n - 20. What is the remainder when c is divided by n?
3
Suppose -a + 37 + 2 = 0. Calculate the remainder when a is divided by 6.
3
Suppose 2*c = 4*g - 58 + 6, 0 = -4*c + g - 132. What is the remainder when (-2)/(0 - (-4)/c) is divided by -3 - -1*(3 + 9)?
8
Let w(p) = -p + 1. Let k = -5 - -5. Suppose k = 2*r - 15 + 5. Calculate the remainder when r is divided by w(-2).
2
Suppose -7 - 1 = i. Calculate the remainder when 3 is divided by (i/(-6))/((-4)/(-6)).
1
Suppose 2*r = -5*r + 119. Suppose -l + 2 = -3. Calculate the remainder when r is divided by l.
2
Let z be 0 + 1/(-2)*-18. Suppose z = -2*k - 5*v - 3, 2*k + v = 4. Suppose -4*o = -2*o - 14. Calculate the remainder when o is divided by k.
3
Suppose 111 = 4*f - 1. Let v = f - -13. Calculate the remainder when v is divided by 11.
8
Suppose -3*f - 9 = -0*f. Let d = 14 - f. What is the remainder when 33 is divided by d?
16
Let j(h) be the first derivative of 2*h**3/3 + h**2 - 5*h - 3. What is the remainder when 56 is divided by j(-4)?
18
Let b(z) = -z**3 + 4*z**2 + z + 1. Suppose -f + 4 = -0. Calculate the remainder when b(3) is divided by f.
1
Let b(p) = -p**3 - 10*p**2 - 2*p + 1. Calculate the remainder when b(-10) is divided by 7.
0
Let a = 3 + 0. Suppose 6*i - 3 = a*i. Let c = i + 1. What is the remainder when 2 is divided by c?
0
Let n = -2 - -8. Suppose w + n = 3*w. What is the remainder when (-8)/(-12) - (-22)/3 is divided by w?
2
Suppose -5*x + 17 + 53 = 0. What is the remainder when 67 is divided by x?
11
Let m be (15/4)/(6/16). Let v(w) = 2*w**2 + 7. Let r be v(0). Let g = m + r. What is the remainder when g is divided by 9?
8
Let o(g) = 19*g - 3. Let p be o(-7). Let u be p/(-6)*(-6)/4. Let k = -7 - u. What is the remainder when k is divided by 14?
13
Suppose n - 2 - 1 = 0. Suppose o - 5 = 4. What is the remainder when o is divided by n?
0
What is the remainder when 92 is divided by (-10 - -2)/(-4) + 17?
16
Let i(k) = 4*k**3 - k**2 - 3*k + 3. Calculate the remainder when 174 is divided by i(2).
24
Let w(v) = 38*v + 2. Suppose -9 = 4*h - 1. Let z be w(h). What is the remainder when (z/(-3))/(8/12) is divided by 19?
18
Suppose -4*v - 39 - 19 = 2*x, -2*v - 5*x - 49 = 0. Calculate the remainder when (-6)/(-9) - 13/(-3) is divided by (2/(-4))/(2/v).
2
Suppose 5*g = -4*n + 27 + 82, 3*g + 4*n = 67. Calculate the remainder when g is divided by 11.
10
Let c = -15 - -22. Calculate the remainder when c is divided by 3.
1
Let o(u) = 5 - 6*u + 2*u + 5*u. What is the remainder when 17 is divided by o(4)?
8
Suppose 0 = 4*l + 5*h - 207, 0 = -l - 0*h - 5*h + 63. Suppose -16 - l = -4*v. Calculate the remainder when v is divided by 9.
7
Suppose -3 - 6 = -t. Suppose 0 = -4*q + 3*d + t, 2*q - d - 4 = 1. Let l = 2 - -5. Calculate the remainder when l is divided by q.
1
Let o be -14*(-2 - -3) + -1. Let c = o + 34. What is the remainder when c is divided by 10?
9
Suppose 110 = 2*f - 3*p, -4*f + 4*p + 234 = 5*p. What is the remainder when f is divided by 16?
10
Let q(r) = 2*r - 3*r + 7*r. Calculate the remainder when q(6) is divided by 13.
